13, 61, 71
What are the prime factors of 181194?
2, 3, 13, 23, 101
What are the prime factors of 2297522?
2, 1148761
What are the prime factors of 40130?
2, 5, 4013
List the prime factors of 26066375.
5, 151, 1381
List the prime factors of 1020390.
2, 3, 5, 7, 43, 113
List the prime factors of 3344875.
5, 26759
What are the prime factors of 10547996?
2, 29, 90931
List the prime factors of 2326759.
19, 151, 811
What are the prime factors of 792143?
11, 23, 31, 101
List the prime factors of 369282.
2, 3, 61547
What are the prime factors of 407894?
2, 203947
List the prime factors of 878791.
43, 107, 191
List the prime factors of 1419835.
5, 59, 4813
What are the prime factors of 341868?
2, 3, 31, 919
What are the prime factors of 1909320?
2, 3, 5, 7, 2273
List the prime factors of 1836852.
2, 3, 153071
List the prime factors of 5893436.
2, 73, 20183
List the prime factors of 81168.
2, 3, 19, 89
List the prime factors of 196029.
3, 23, 947
List the prime factors of 1290160.
2, 5, 16127
List the prime factors of 350370.
2, 3, 5, 17, 229
What are the prime factors of 205052?
2, 51263
What are the prime factors of 384489?
3, 7, 17, 359
What are the prime factors of 1109577?
3, 7, 52837
What are the prime factors of 230797?
7, 32971
List the prime factors of 6302830.
2, 5, 281, 2243
List the prime factors of 1307838.
2, 3, 7, 31139
List the prime factors of 4895645.
5, 709, 1381
List the prime factors of 135417.
3, 45139
What are the prime factors of 65669?
97, 677
List the prime factors of 410623.
410623
What are the prime factors of 8285399?
8285399
List the prime factors of 952006.
2, 11, 109, 397
List the prime factors of 3470612.
2, 867653
List the prime factors of 1017065.
5, 7, 29059
What are the prime factors of 458467?
37, 12391
List the prime factors of 202140.
2, 3, 5, 1123
What are the prime factors of 980591?
980591
What are the prime factors of 217563?
3, 47, 1543
What are the prime factors of 14831398?
2, 7415699
List the prime factors of 3842460.
2, 3, 5, 21347
List the prime factors of 1118555.
5, 223711
What are the prime factors of 1463404?
2, 365851
What are the prime factors of 42445?
5, 13, 653
List the prime factors of 321854.
2, 13, 12379
List the prime factors of 12417750.
2, 3, 5, 5519
What are the prime factors of 1280815?
5, 256163
What are the prime factors of 1276716?
2, 3, 7, 15199
List the prime factors of 11548159.
7, 1649737
What are the prime factors of 2007903?
3, 669301
List the prime factors of 27628997.
11, 47, 53441
List the prime factors of 2385598.
2, 29, 41131
What are the prime factors of 11335564?
2, 109, 25999
What are the prime factors of 2973744?
2, 3, 107, 193
What are the prime factors of 167454?
2, 3, 7, 443
List the prime factors of 219582.
2, 3, 11, 1109
List the prime factors of 3259379.
3259379
List the prime factors of 318758.
2, 11, 14489
List the prime factors of 4039438.
2, 13, 17, 19, 37
List the prime factors of 1147467.
3, 19, 41, 491
List the prime factors of 2554702.
2, 19, 23, 37, 79
List the prime factors of 2629717.
239, 11003
List the prime factors of 716881.
11, 65171
List the prime factors of 2023260.
2, 3, 5, 33721
List the prime factors of 4926654.
2, 3, 191, 1433
What are the prime factors of 2928744?
2, 3, 7, 13, 149
List the prime factors of 256208.
2, 67, 239
What are the prime factors of 79637?
97, 821
List the prime factors of 3337477.
11, 13, 23339
What are the prime factors of 644426?
2, 322213
What are the prime factors of 7614538?
2, 17, 281, 797
What are the prime factors of 1928553?
3, 11, 58441
What are the prime factors of 3485578?
2, 17, 31, 3307
What are the prime factors of 1120529?
1120529
List the prime factors of 198111.
3, 66037
List the prime factors of 1387530.
2, 3, 5, 571
List the prime factors of 1154410.
2, 5, 67, 1723
List the prime factors of 525573.
3, 23, 2539
What are the prime factors of 293888?
2, 7, 41
What are the prime factors of 511549?
511549
List the prime factors of 530852.
2, 7, 18959
What are the prime factors of 167271?
3, 13, 4289
What are the prime factors of 144503?
83, 1741
List the prime factors of 623602.
2, 7, 44543
List the prime factors of 4072677.
3, 7, 193937
List the prime factors of 21483030.
2, 3, 5, 761, 941
List the prime factors of 1659943.
151, 10993
What are the prime factors of 1489153?
1489153
What are the prime factors of 5498299?
523, 10513
List the prime factors of 1406930.
2, 5, 7, 101, 199
What are the prime factors of 1278749?
41, 31189
What are the prime factors of 1719452?
2, 7, 61409
List the prime factors of 253830.
2, 3, 5, 8461
What are the prime factors of 1125354?
2, 3, 187559
List the prime factors of 1834516.
2, 458629
What are the prime factors of 984888?
2, 3, 13679
What are the prime factors of 22979419?
101, 227519
List the prime factors of 776327.
776327
List the prime factors of 3970258.
2, 167, 11887
List the prime factors of 1164568.
2, 17, 8563
What are the prime factors of 199847?
23, 8689
What are the prime factors of 21724056?
2, 3, 31, 9733
List the prime factors of 7638724.
2, 37, 51613
List the prime factors of 67448.
2, 8431
List the prime factors of 1154555.
5, 17, 47
List the prime factors of 920269.
7, 2683
List the prime factors of 1155234.
2, 3, 192539
What are the prime factors of 10918266?
2, 3, 1819711
What are the prime factors of 498937?
498937
What are the prime factors of 51951?
3, 17317
List the prime factors of 256068.
2, 3, 2371
List the prime factors of 1054496.
2, 31, 1063
List the prime factors of 623245.
5, 7, 17807
What are the prime factors of 348725?
5, 13, 29, 37
List the prime factors of 35432881.
11, 1249, 2579
What are the prime factors of 63960?
2, 3, 5, 13, 41
List the prime factors of 3007710.
2, 3, 5, 23, 1453
What are the prime factors of 531480?
2, 3, 5, 43, 103
What are the prime factors of 236155?
5, 73, 647
List the prime factors of 13095291.
3, 11, 97, 4091
What are the prime factors of 192574?
2, 73, 1319
List the prime factors of 3530756.
2, 41, 21529
What are the prime factors of 38717?
7, 5531
What are the prime factors of 153658?
2, 76829
List the prime factors of 73268.
2, 13, 1409
What are the prime factors of 203880?
2, 3, 5, 1699
What are the prime factors of 11230251?
3, 17, 12953
List the prime factors of 2280061.
7, 325723
What are the prime factors of 52193?
19, 41, 67
List the prime factors of 367715.
5, 251, 293
What are the prime factors of 1306580?
2, 5, 11, 5939
List the prime factors of 327616.
2, 5119
List the prime factors of 3711656.
2, 13, 89, 401
What are the prime factors of 14495757?
3, 199, 24281
What are the prime factors of 215884?
2, 31, 1741
List the prime factors of 1690378.
2, 17, 83, 599
List the prime factors of 2319977.
11, 210907
What are the prime factors of 1067284?
2, 266821
List the prime factors of 92814.
2, 3, 31, 499
List the prime factors of 19300176.
2, 3, 7, 41, 467
What are the prime factors of 12858400?
2, 5, 16073
List the prime factors of 33133.
17, 1949
List the prime factors of 2684493.
3, 7, 42611
List the prime factors of 730528.
2, 37, 617
List the prime factors of 1039480.
2, 5, 13, 1999
List the prime factors of 135765.
3, 5, 7, 431
List the prime factors of 507137.
507137
What are the prime factors of 11652739?
7, 53, 641
What are the prime factors of 228883?
228883
List the prime factors of 3849671.
7, 23, 23911
What are the prime factors of 668723?
11, 60793
What are the prime factors of 367323?
3, 11, 11131
List the prime factors of 4894681.
11, 444971
What are the prime factors of 225874?
2, 11, 10267
What are the prime factors of 103681?
103681
What are the prime factors of 410692?
2, 102673
List the prime factors of 4099342.
2, 13, 157667
List the prime factors of 25119629.
433, 58013
List the prime factors of 128452.
2, 17, 1889
What are the prime factors of 2391705?
3, 5, 53149
What are the prime factors of 20616643?
31, 665053
List the prime factors of 1145136.
2, 3, 23857
List the prime factors of 36444.
2, 3, 3037
What are the prime factors of 862034?
2, 431017
What are the prime factors of 1504367?
89, 16903
List the prime factors of 1117712.
2, 69857
What are the prime factors of 637222?
2, 19, 41, 409
List the prime factors of 9348851.
127, 73613
List the prime factors of 